7 + 51 + -5?
65
What is -28 + 33 + 2 + -50 + 17?
-26
What is 3 + (27 - (139 - -24) - (-4 + -1 + -1))?
-127
Calculate (23 + -47 - -20) + 24 + 40.
60
Calculate -17 - (-27 - (-115 + 56)).
-49
Calculate -113 + (-5 - (28 - 97)).
-49
(-10 - -2) + (-15 + 23 - -21) - 13
8
What is -43 - (-41 + 1) - ((-3 - 12) + (-1 - -7))?
6
(11 + (-4 - 5) - 3) + 10 + 11
20
Calculate -8873 + 8767 + (3 - (1 - 0)) + 12.
-92
Evaluate (-156 - -158) + (1 - -3) - (4 - 3).
5
What is -15 - (8 - (56 - (18 + -18)))?
33
Calculate -63 - (-26 - (-29 + 7)) - -18.
-41
Calculate -18 - (-39 + 22 - 17).
16
What is the value of -50 + (23 - (-8 + 33)) + -20?
-72
11 - (-4 - 97 - (23 + -32 + -3))
100
Calculate (9 - (22 - 37 - -17)) + -31.
-24
What is the value of (10 + 1 - (-115 - -131) - 7) + -10?
-22
What is the value of (-100 + -24 - (5 + -3)) + (13 - (-8 - -10))?
-115
64 - (2 + (52 + -33 - -6))
37
Calculate -45 + 155 - (7 + 51).
52
-91002 + 90885 + -17 + -3 + (-1 - 0)
-138
What is the value of (-29 - -3) + (3 - -125 - 2)?
100
0 - 97 - (-302 - -269)
-64
Evaluate 1 - (53 + -74) - 45.
-23
Evaluate 26 + -56 + 56 + -62 - (1 + 0 + 2).
-39
54 - 51 - -11 - (4 + -10)
20
Evaluate 207 + -224 - (5 - -7).
-29
Calculate 5 + -30 + 0 + 6 + 13 + (13 - 30).
-23
Calculate -28 + 3 - (-4 + (7 - 16) + 1).
-13
Evaluate -48 + 159 + -91 - 0.
20
Calculate 6 + (12 - (5 + 7 - 6)) + -19.
-7
Calculate -41 + (63 - 39) - (-52 + 2).
33
70 - (-42 + 209 - 37)
-60
(7 - -138) + -154 + 37
28
What is -4 - (15 + -39 - -21) - (3 + 5)?
-9
What is the value of (-3 - (-3 - 14)) + 653 + -635?
32
Calculate -5 + -29 + -17 + 5 + 33.
-13
Evaluate -15 + -22 + 17 + -23 + -7.
-50
What is the value of 89 + 4 + (-835 - -761)?
19
What is (20 - (22 + -50 + 33)) + (-23 - 1)?
-9
What is -58 + (1 - (-50 + 44))?
-51
Calculate (21 - (-35 - (-97 - -35))) + -22 + (0 - 0).
-28
What is -1 + (4 - -97) - (117 - 105)?
88
-4 + -2 + (-75 - -1) - (11 + -5)
-86
What is the value of 0 - (23 + -1) - (2690 + -2682)?
-30
107 + (11 - (83 + 38))
-3
What is the value of -99 - (-11 + -10) - -41 - -121?
84
What is the value of (14 - (-21 + -23) - 15) + 3 + 17?
63
Calculate 4 + -23 + -27 + (2 - -22).
-22
Calculate 3 + 17 + 2 - (-521 + 540) - (-38 - -1).
40
(-1 - 2) + -91 + 88 + -79 + -2
-87
What is the value of (128 - -95) + -75 + -59?
89
Calculate (-20 - -20) + (31 - (-30 + (20 - 5))).
46
What is the value of 62 + -60 + 10 + -4 - 33?
-25
93 - 108 - ((13 - -2) + -1)
-29
Calculate (218 - 292) + (24 - -9).
-41
What is -29 + (61 - (30 + 9)) - (66 - 1) - 4?
-76
What is the value of -3 - (-21 - (16 - 18) - -7)?
9
What is 41 - (24 + (35 - -24))?
-42
What is 402 + -393 + (5 + 75 - 1 - -7)?
95
What is the value of 5 - ((-57 - -67) + (-4 - -3)) - 13?
-17
What is 2 - (1 + 4 - (-8 - (11 + -15)))?
-7
-5 + -14 - ((-8 - -2) + -49)
36
Evaluate (24 - (1 - (10 + -24))) + (1 - -3 - -17).
30
Calculate -11 - 15 - -75 - 67.
-18
Evaluate 9 - (0 + -36 + (550 - 532)).
27
What is 2 + -9 + 14 - (-76 + 21 + 68)?
-6
Evaluate (-88 - -42) + 54 - 66 - 14.
-72
Calculate (84 - 16) + (-129 + 110 - (1 + -6)).
54
Evaluate 1 + 46 - ((-3 - 5) + 261 + -258).
52
Evaluate -123 - (2 - 3 - (-36 - -67)).
-91
Calculate 42 + -17 + -13 + -13 + (-60 - 17).
-78
73 + 0 - (8665 - 8661)
69
What is the value of -2 + 49 - ((8 - (17 - -4) - -6) + 14)?
40
What is 76 + -138 - (10 - (16 - 13))?
-69
24 - (8 - (-46 + 92))
62
Evaluate (-6 - -12) + -18 + 59 + -10 + 1.
38
What is -88 + 92 + 1 + 3 + -17 + 2 + -76?
-83
Calculate -46 - -8 - -83 - 34.
11
Evaluate (41 - -6) + -60 - (5 + -5 - (-3 + 1)).
-15
Calculate (-16 + -33 - (-35 - 36)) + -51.
-29
Calculate (59 - (11 - (11 + 15 + -10)) - -2) + -6.
60
What is 16 - -41 - (30 + 12 + -15)?
30
What is -7 - (47 + (-55 - -53))?
-52
What is the value of 9 + -11 + -33 - ((-1 - -3) + (2 - 4))?
-35
What is the value of 87 - ((93 - 84) + 70)?
8
Evaluate 48 - (42 - (49 - 26)).
29
What is (94 - (100 - -24)) + (-1 - -9)?
-22
(6 - -3) + (7 - 3) + (-48 - (11 + 2))
-48
What is -75 + 10 + (-76 - -113)?
-28
What is -33 + 2 + 8 + -2 + 1 + 1?
-23
What is the value of 13 + -23 + 161 - (106 - 56)?
101
Evaluate 10 - (-68 + 51 + 21) - (1 + 1 + -88).
92
What is the value of 80 + -65 - 35 - (-19 + 1)?
-2
Evaluate (10 - (113 + -18)) + 22 + -50.
-113
2 - -6 - (-5 - (-45 + 46)) - 9
5
Calculate -87 - ((-48 - -71) + (0 - (0 + 10))) - 9.
-109
Calculate -32 + -65 - -14 - -39.
-44
-37 - (17 - -25) - 19
-98
What is 16 + -6 - 7 - 15 - -21 - 5?
4
Calculate (-187 - -78 - -115) + (-3 - (-57 + -1) - 3).
58
Evaluate 6 - 48 - (38 + (-16 - 2)).
-62
What is the value of -3 - ((-10 - -2 - -25) + 13)?
-33
Evaluate (-55 - -95) + (-33 - 20).
-13
Evaluate -130 - ((45 - 64) + -78).
-33
-29 + (-18 - 1) + (575 - 621)
-94
What is the value of -9 - 1 - (-64 + -26 + 61) - -2?
21
Calculate 32 + (-12 + (-1 - (1 + -19)) - 10).
27
Evaluate 10 + (-3 + -10 - -7 - -3).
7
Evaluate 11 + -95 + (157 + -167 - (2 - 4 - -4)).
-96
5 + -6 + -20 + 2 - (453 - 419)
-53
What is the value of (-2 - (0 + 25)) + -114 + 128?
-13
20 + 1 - (-32 - (4 + -31))
26
6 + -6 + 44 + -4 + -107
-67
-9 + (53 - ((2 - -5) + 1 + -1)) + -11
26
What is the value of -13 + (-16 - 4) + 10 + 14 + 19?
10
Evaluate 11 + (159 - 83) + -123.
-36
2 + -7 + 30 + -16 + (3 - 6) - -10
16
What is 4 + (-1 - 54 - (-6 - -7 - 6) - 2)?
-48
Evaluate -36 - (97 - 99) - (-14 - 0) - 51.
-71
Calculate 12 + -21 + (30 - 6) - (7 - 12).
20
What is the value of -53 + 7 + -6 - -86?
34
Calculate (-82 + -1 - 47) + -12 + 2 + 1 - -12.
-127
Calculate -10 + -4 + -15 + (130 - 174).
-73
-22 - 15 - -20 - -40 - 42
-19
What is (4 - (33 - 4)) + (375 - 404)?
-54
Calculate (4 - -1) + 23 + -3 - (62 + (-84 - -32)).
15
What is the value of (-22 + 80 - 4 - 22) + 5?
37
85 + -68 + 33 - (1 + 15)
34
4 + (7 + 8 - (92 - (-10 + 11)))
-72
-16 + 146 + -61 + (3 - 22)
50
Evaluate (0 - 10 - (-86 - -105)) + 15.
-14
What is the value of 0 + -7 + (-907 + 939 - (0 + 79))?
-54
What is the value of -218 + 25 + 207 + -152?
-138
What is -1556 + 1557 - (0 + (8 - -4) + -2)?
-9
119 + (-45 - (4 - 9)) + 5
84
Calculate -617 + 630 + 1 + -2 + -84 + 6.
-66
Calculate 26 - 57 - (-11 + 4) - 4.
-28
What is the value of -65 + 80 - (1 + 6 - 9)?
17
Evaluate -5 + 36 + -195 + 184 + 41.
61
((12 - -7) + 1 - 88) + 12 + -1
-57
Evaluate -82 - (80 - (185 - 114)).
-91
-144 - -71 - (-8 + 0 - (-7 + 7 + -2))
-67
Calculate 11 + -69 - (3 - 18) - -3.
-40
What is 46 + (27 - 37) + 24 - 36?
24
What is the value of -1 - 6 - (56 + -89 - -47)?
-21
7 - ((-34 - -21 - 9) + 67 - 3)
-35
(-4 + 14 - 14) + (12 - -3)
11
What is the value of 1 - 10 - ((30 - -1) + (102 - 114))?
-28
What is (25 - (22 + -8 - (-25 - -29))) + 92?
107
What is the value of -23 + (-8 - -1 - (-258 - -164))?
64
What is (13 - 11 - (-115 + 92)) + -108?
-83
Calculate 153 + 32 + -70 + -79.
36
What is the value of -41 - 29 - (80 + -121)?
-29
Evaluate 20 - (25 - (17 + -41 + 8)).
-21
What is 101 + (43 - 86) + -13?
45
Calculate 2 - (-29 + (34 - 16 - 3)) - -23.
39
What is the value of -78 - 1 - (23 - 66 - (15 + -56))?
-77
What is the value of (66 - 95) + (-4 - (-3 - -7))?
-37
388 - 368 - (12 + 2)
6
-17 + 2 + (65 - 47) + 18
21
Evaluate -14 - (-76 - -24 - -56).
-18
(-77 - -49) + 14 + (-4 - 26)
-44
What is 10 - 53 - -32 - -23?
12
Calculate -24 - (313 + -339 + (22 - -1)).
-21
Evaluate 46 + (0 + 2 - 0) - (-7 - -71 - 70).
54
Calculate -2 + -6 + (-11 - -8) - (11 + 20).
-42
21 + (59 - 60) + -12 + 95 + 2 + 1
106
4 + (5 - 2) + (13 - 12 - 4) + 7
11
What is 0 - 69 - (45 + (-55 - 6))?
-53
Evaluate -50 + 47 - (-1 + -39).
37
2054 + -2071 + 1 + 0 + 11
-5
(-5 - -19) + (9 - 7) + -2
14
-27 - (17 + -19 + (4 - (-9 - -10 - -5)))
-23
Evaluate -1 + 33 - (58 - (-38 + -10)).
-74
What is the value of -29 - -32 - (-32 + 42) - (0 - 46)?
39
What is the value of -44 + (19 - (57 + -30)) + -3?
-55
Evaluate 47 - 0 - (-756 - -748).
55
35 + 1 + 2 + (869 - 889)
18
What is 47 + (-116 - (95 - 50))?
-114
What is 94 + (2 - -4) + 56 + -25?
131
What is the value of (-18 - -6) + 137 + -94?
31
Evaluate -1 - -40 - (-16 + 8) - (-1 + (2 - -9)).
37
What is the value of -60 + 8 + 50 + -5?
-7
2 + -5 - -2 - (-62 - (-21 - 65))
-25
What is (10 + 4 - -20 - 37) + (-1 - 20)?
-24
What is the value of 13 - (-1 + 2 + -2 + 10 + -12)?
16
Evaluate 1 + (16 - -1) + 149 + -143.
24
Evaluate (-25 - (-44 - -45)) + 9.
-17
-33 + (-39 - 8) + -1
-81
What is (141 - 209) + 4 + -10 + (-10 - -3)?
-81
